alse
Let c be 3*(15/9 - 1). Suppose 0 = -2*f - c*f - 280. Let z = f + 119. Is z a prime number?
False
Is 260 + (-1)/(4/12) a prime number?
True
Suppose 20 = 5*u + 3*f - 0*f, 0 = -5*u + 4*f + 20. Suppose s + 255 = u*s. Is s prime?
False
Let x(l) = -l**3 - 3*l**2 - 5*l + 3. Let a be x(-6). Suppose 4*k - 171 = a. Suppose -j + k + 1 = 0. Is j a prime number?
True
Suppose -1689 = -5*l + v, 4*l + 5*v - 1336 = 2*v. Is l prime?
True
Let q(y) = 1362*y**2 - y - 2. Is q(-1) prime?
True
Let p(t) = -6*t**3 - 3*t**2 + 5*t + 3. Is p(-4) prime?
False
Let k be (-9)/2*12/(-9). Suppose 24 = k*j - 4*j. Is j/42 + (-1475)/(-7) a prime number?
True
Let b(g) = -305*g + 6. Is b(-5) a composite number?
False
Let c be (-6)/(9/3) - 6. Let y = -5 - c. Is 59/(-1)*(2 - y) prime?
True
Suppose -v = -5, 0 = -3*b + 8*b - v - 9110. Is b composite?
False
Let g(k) = 70*k**2 - 2*k + 9. Is g(-4) a prime number?
False
Let r(t) = 8*t**2 - t - 5. Let m be (2/(-3))/(2/(-18)). Suppose -w - 2*n = 6, -m*w - 5*n = -2*w + 21. Is r(w) composite?
False
Suppose 3*s - 2321 - 1192 = 0. Is s composite?
False
Suppose -l = -2*h + 37, -l - 55 = -5*h + 2*h. Suppose 0 = y - 3*y - h. Let n = -2 - y. Is n prime?
True
Let d(p) = 21*p + 7. Let o be d(6). Suppose 0*h + o = 3*h + 4*q, -3*q = -2*h + 117. Is h a prime number?
False
Let l(k) = -1. Let j(q) = 2*q**2 - 2*q - 4. Let b(i) = j(i) + 3*l(i). Let z be 1/4 + 69/12. Is b(z) a composite number?
False
Let u(n) = -n**2 - 8*n - 5. Suppose -k - 2 = 3*l - 11, -2*l = k - 6. Suppose l*q - 2*x + 28 = 10, 6 = -q - 2*x. Is u(q) composite?
False
Suppose -2*n - 549 = -3*z + 1029, 4*n = z - 526. Is z a composite number?
True
Suppose 0 = -0*c - c - 7. Let f = 4 + c. Is 1 + 154 + 3 + f prime?
False
Suppose 2*p - 4 = -0*p. Suppose y - 5*a - 91 = -p*y, 5*y - 85 = -5*a. Is y prime?
False
Suppose s + 2*s = -2310. Let f be s*(1 + 2)/(-6). Suppose -21 - f = -2*u. Is u composite?
True
Suppose 3*w - 4066 = 5285. Is w prime?
False
Let q(f) = f**3 - f**2 + 3*f + 3. Let v be q(-2). Let c = v - -21. Is (c/(-9))/(2/(-207)) composite?
True
Let b(j) = 2*j**3 + 4*j**2 - 5*j. Let y be b(-5). Let s = 540 + y. Is s a composite number?
True
Let b(n) = -n**2 - 4*n - 2. Let u be b(-4). Is 4 + 30 - 2/u composite?
True
Let n be ((-64)/(-20))/((-1)/(-25)). Let b be (-3)/6*(-4 - 0). Suppose 14 = -b*h + n. Is h a composite number?
True
Let j be 79 + 4*2/(-4). Let c = j + 86. Is c a prime number?
True
Let a(t) = -15*t**3 - 2*t**2 + 4*t - 4. Is a(-5) prime?
True
Let z = -156 + 209. Is z a prime number?
True
Suppose -5*c + 400 = 5*g, 0 = 5*c - 4*g - 35 - 338. Is c composite?
True
Let k(j) = 18*j + 18 - 3*j**2 + 2*j**2 - 12. Is k(10) prime?
False
Suppose 5*i - 5 = 10. Let h be (-2)/6 + 118/i. Suppose z - 50 = h. Is z a composite number?
False
Suppose 0 = 5*v + 2*u - 280, 5*u + 3 = v - 26. Let y = 131 - v. Is y a prime number?
False
Let o(l) = 8*l**3 + 6*l**2 - 6*l. Let a(u) = -32*u**3 - 25*u**2 + 25*u + 1. Let c(p) = 2*a(p) + 9*o(p). Is c(2) a prime number?
False
Let h(u) = u**2 + 3*u - 4. Let b be h(-3). Let x(m) = 11*m - 3 + 2 - 20*m. Is x(b) a prime number?
False
Let v = 22 - 2. Suppose 0 = -5*c + 5 + v. Suppose 0 = c*t - 39 - 26. Is t prime?
True
Suppose r + 2*r = -183. Let q = -40 - r. Is q prime?
False
Suppose -2*y - 5*q - 12 = 10, 0 = y + 5*q + 21. Is (3 + y)/((-4)/(-182)) composite?
True
Suppose -5*r + 3*d + 3167 = 0, 2*d + 639 = -3*r + 4*r. Is r a composite number?
False
Suppose 2*s = -4, 49 = 4*l + s - 285. Let k = 167 - l. Is k a prime number?
True
Let a(r) = 3*r**3 - r**2 + 2*r + 5. Is a(3) a prime number?
True
Let j be 6/3 + 2/1. Suppose -140 - 8 = -j*b. Is b composite?
False
Is -5 + (2 - (4 - 2056)) a composite number?
True
Let x(j) = -3*j**3 + 4*j**2 - 3*j - 2. Let q be x(-4). Let w = 245 + q. Is w composite?
True
Is (-3)/12 + 128985/20 a composite number?
False
Suppose -5*j - 4*w = -3547, 3*w - 4*w = -4*j + 2825. Is j composite?
True
Suppose -4*c - 360 = -9*c. Let o = c + 5. Is o a prime number?
False
Suppose 3*c = 3*z + 15, -2*c - 5*z = c + 1. Suppose -4*v - 58 = 4*p - 5*p, 137 = 4*p + 3*v. Suppose c*m - m - p = 0. Is m a prime number?
True
Let k(q) = -1 - q**2 + 11*q**2 + 4 - 2. Is k(4) a prime number?
False
Let x(a) = 38*a + 1. Is x(5) composite?
False
Let v = -1 - -3. Suppose v*h - 16 = -2*h. Let p = 19 + h. Is p a composite number?
False
Let t = -3 + 5. Suppose -154 = t*v - 4*v. Is v composite?
True
Is (5 - 0)*16/40 composite?
False
Suppose 0 = -2*y + 25 + 341. Suppose 0 = 4*h - 157 - y. Is h composite?
True
Suppose 21*c = 5246 + 6745. Is c prime?
True
Suppose 0 = 7*f - 929 - 170. Is f a composite number?
False
Is 1774/(5 + (4 - 7)) a composite number?
False
Let f = 22 - 22. Suppose -2*q - 5 - 1 = f, -l + 4*q = -67. Is l composite?
True
Let t be 0 - -3 - (2 + -2). Suppose 0 = -2*z + t*j + 70, 3*j + 116 = 4*z - 24. Is z prime?
False
Let h be 32/(-24)*3/2. Let k be 3609/6 + h/4. Suppose -118 = -f - 4*b + b, 4*b - k = -5*f. Is f a prime number?
False
Suppose -4*g + 1304 = -4*n, -5*n + 10 = -0. Let j be 22*6/(-4)*7. Let p = j + g. Is p prime?
True
Let g = -66 + 162. Suppose l - 68 = g. Suppose -5*r = 2*t - 207, 0 = 5*t - 5*r - 266 - l. Is t a prime number?
False
Let x = -7 + 7. Suppose 0 = 5*u - x*u - 15, 0 = 4*a + u - 1151. Is a composite?
True
Let h(w) = -164*w + 3. Is h(-2) composite?
False
Let t be (1 - (-1 - -26))*-1. Suppose -36 = -q - 3*q. Let m = t - q. Is m prime?
False
Let p(q) = q**2 - 2*q + 1. Let i be p(2). Let o be (1 + i)/2*0. Suppose 0 = 2*w - o*w - 22. Is w a prime number?
True
Let m = 11579 - 5988. Is m a prime number?
True
Suppose w - 5*x = 14, 3*x + 15 - 1 = w. Suppose -w = -5*l + 141. Is l prime?
True
Let k(u) = -151*u + 75. Is k(-10) a composite number?
True
Is -17 + 1916 + 1 + 1 a composite number?
False
Let a = -413 - -1926. Is a a composite number?
True
Let y be 10/(-15) - (-2463)/9. Suppose 0 = w + 2*w - y. Is w prime?
False
Suppose 4*i - 5 - 161 = -5*q, -4*i + 106 = 3*q. Suppose 2*d - u - 45 = 0, 0 = -d - u + q. Is d prime?
False
Suppose -8*u = -3*u - 25. Let p(v) = -10*v + 13. Let t(a) = 11*a - 12. Let s(l) = 6*p(l) + 7*t(l). Is s(u) a composite number?
False
Let p = 1 + -3. Let u be 1/p*(-27 - 1). Suppose q = -q + 4*x + u, q + 7 = -5*x. Is q a prime number?
True
Suppose 3*r = 7*r - 236. Is r prime?
True
Let r = 603 + -412. Is r a prime number?
True
Suppose -3*l - 2*z = -449, z = -5*l + 828 - 82. Is l a prime number?
True
Let m(a) be the first derivative of a**3 + a**2/2 + a - 3. Let t be m(4). Suppose -q + t = -0*q. Is q a prime number?
True
Let s = 5 - 5. Let o be (s - -2) + (-5)/1. Let m = -1 - o. Is m composite?
False
Suppose -3*r = -4*r - 3. Let p(q) = -24*q + 4. Let d be p(r). Suppose s - d = -3*s. Is s composite?
False
Let f(x) = x**2 - 7*x + 6. Let t(a) = a**3 - 9*a**2 - a + 13. Let z be t(9). Let v be f(z). Is (v/(-4))/(3/30) composite?
True
Suppose -3*n = -3*v + n + 126, -147 = -3*v - 3*n. Is v prime?
False
Suppose -l = -6*l + 40. Let v(p) = p - 10. Let f be v(l). Is -1 + 48 - (f - 0) a composite number?
True
Suppose -8*w + 2994 = -2*w. Is w a composite number?
False
Let q = -122 + 335. Is q a composite number?
True
Suppose -6 = -2*b, -3*u = -7*u - b + 487. Is u a composite number?
True
Let s(w) = w + 5. Let t be s(6). Let f(b) = -1 + t*b + 4*b - 70*b. Is f(-2) a prime number?
True
Suppose 4*q = -q + 40. Let c(r) = -q + 15*r - 3*r - 1 - 2*r. Is c(6) composite?
True
Let v(t) = 86*t - 1. Let b be v(-1). Let s(c) = -7*c - 6. Let i be s(6). Let a = i - b. Is a prime?
False
Suppose 8*i = 3*i + 21005. Is i prime?
True
Suppose -2*d + 171 = r, d + 3*d + 463 = 3*r. Is r a composite number?
True
Let m(j) = -3*j**2 - 2*j. Let q be m(-2). Let g be ((-21)/(-6) + -3)*348. Is (-1)/(-4) - g/q prime?
False
Let j(d) = -197*d**2 + 4*d - 4. Let k be j(3). Let c = -1253 - k. Suppose 5*z = c + 53. Is z composite?
False
Suppose 6*f + 1668 = 18*f. Is f a prime number?
True
Let h(g) = g**3 + 18*g**2 - 4*g - 13. Is h(-8) prime?
True
Suppose 0 = a - 92 - 14. Suppose -5*t - 3*r + a = 38, -2*t - 4*r = -30. Is t composite?
False
Suppose -264 = -j - 2*j. Let n = j + -1. Is n prime?
False
Suppose 4*q = 4*a - 652, 4*a + 7*q = 2*q + 634. Is a a composite number?
True
Let s(m) = m**2 - 1 - 4*m + 4*m. Let y be s(2). Suppose 0 = y*h - 4*h + 14. Is h prime?
False
Suppose 4*n = -